{"id":302,"date":"2024-03-15T11:57:17","date_gmt":"2024-03-15T10:57:17","guid":{"rendered":"https:\/\/blog.pass-france.com\/?page_id=302"},"modified":"2024-05-15T15:01:25","modified_gmt":"2024-05-15T13:01:25","slug":"inscription-newsletter","status":"publish","type":"page","link":"https:\/\/blog.pass-france.com\/index.php\/inscription-newsletter\/","title":{"rendered":"Inscription newsletter"},"content":{"rendered":"\n<p>L&rsquo;inscription \u00e0 la newsletter du blog du <a href=\"https:\/\/pass-france.com\/fr\">Pass France multidestinations<\/a> est la bonne id\u00e9e, pour \u00eatre s\u00fbre de faire le plein d&rsquo;id\u00e9es de sorties en <a href=\"https:\/\/pass-france.com\/fr\/destinations\/alsace\">Alsace<\/a>, \u00e0 <a href=\"https:\/\/pass-france.com\/fr\/destinations\/avignon\">Avignon<\/a>, en <a href=\"https:\/\/pass-france.com\/fr\/destinations\/cotedazur\">C\u00f4te d&rsquo;Azur<\/a>, \u00e0 <a href=\"https:\/\/pass-france.com\/fr\/destinations\/lyon\">Lyon<\/a>, <a href=\"https:\/\/pass-france.com\/fr\/destinations\/nantes\">Nantes<\/a>, dans le <a href=\"https:\/\/blog.pass-france.com\/index.php\/2024\/02\/09\/a-faire-pendant-les-vacances-scolaires-en-france-seule-ou-en-famille\/\">Vaucluse <\/a><a href=\"https:\/\/pass-france.com\/fr\/destinations\/toulouse\">Toulouse<\/a>, <a href=\"https:\/\/pass-france.com\/fr\/destinations\/larochelle\">la Rochelle<\/a>, Nancy et d&rsquo;autres destinations en France, quelle que soit la saison !<\/p>\n\n\n\n<p>Veuillez renseignez votre adresse e-mail \u00e0 minima et confirmer votre inscription \u00e0 la newsletter.<\/p>\n\n\n<script>(function() {\n\twindow.mc4wp = window.mc4wp || {\n\t\tlisteners: [],\n\t\tforms: {\n\t\t\ton: function(evt, cb) {\n\t\t\t\twindow.mc4wp.listeners.push(\n\t\t\t\t\t{\n\t\t\t\t\t\tevent   : evt,\n\t\t\t\t\t\tcallback: cb\n\t\t\t\t\t}\n\t\t\t\t);\n\t\t\t}\n\t\t}\n\t}\n})();\n<\/script><!-- Mailchimp for WordPress v4.12.2 - https:\/\/wordpress.org\/plugins\/mailchimp-for-wp\/ --><form id=\"mc4wp-form-1\" class=\"mc4wp-form mc4wp-form-389\" method=\"post\" data-id=\"389\" data-name=\"Inscription Newsletter\" ><div class=\"mc4wp-form-fields\"><p>\r\n    <label>Pr\u00e9nom<\/label>\r\n    <input type=\"text\" name=\"FNAME\" required=\"\">\r\n<\/p>\r\n<p>\r\n    <label>Nom de famille<\/label>\r\n    <input type=\"text\" name=\"LNAME\">\r\n<\/p>\r\n<p>\r\n    <label>\r\n        <input type=\"checkbox\" name=\"AGREE_TO_TERMS\" value=\"1\" required=\"\"> <a href=\"https:\/\/blog.pass-france.com\/index.php\/politique-de-confidentialite\/\"\r\n        target=\"_blank\">J'ai lu et accepte les termes et les conditions<\/a>\r\n    <\/label>\r\n<\/p>\r\n<p>\r\n\t<label>Adresse de courrier \u00e9lectronique: \r\n\t\t<input type=\"email\" name=\"EMAIL\" placeholder=\"Votre adresse de courrier \u00e9lectronique\" required \/>\r\n<\/label>\r\n<\/p>\r\n\r\n<p>\r\n\t<input type=\"submit\" value=\"Abonnez-vous\" \/>\r\n<\/p><\/div><label style=\"display: none !important;\">Laissez ce champ vide si vous \u00eates humain\u00a0: <input type=\"text\" name=\"_mc4wp_honeypot\" value=\"\" tabindex=\"-1\" autocomplete=\"off\" \/><\/label><input type=\"hidden\" name=\"_mc4wp_timestamp\" value=\"1777383783\" \/><input type=\"hidden\" name=\"_mc4wp_form_id\" value=\"389\" \/><input type=\"hidden\" name=\"_mc4wp_form_element_id\" value=\"mc4wp-form-1\" \/><div class=\"mc4wp-response\"><\/div><\/form><!-- \/ Mailchimp for WordPress Plugin -->\n","protected":false},"excerpt":{"rendered":"<p>L&rsquo;inscription \u00e0 la newsletter du blog du Pass France multidestinations est la bonne id\u00e9e, pour \u00eatre s\u00fbre de faire le plein d&rsquo;id\u00e9es de sorties en Alsace, \u00e0 Avignon, en C\u00f4te d&rsquo;Azur, \u00e0 Lyon, Nantes, dans le Vaucluse Toulouse, la Rochelle, Nancy et d&rsquo;autres destinations en France, quelle que soit la saison ! Veuillez renseignez votre [&hellip;]<\/p>\n","protected":false},"author":1,"featured_media":394,"parent":0,"menu_order":0,"comment_status":"closed","ping_status":"closed","template":"","meta":{"footnotes":""},"class_list":["post-302","page","type-page","status-publish","has-post-thumbnail","hentry"],"yoast_head":"<!-- This site is optimized with the Yoast SEO plugin v27.4 - https:\/\/yoast.com\/product\/yoast-seo-wordpress\/ -->\n<title>Inscription newsletter - Blog Pass France<\/title>\n<meta name=\"description\" content=\"L&#039;inscription \u00e0 la newsletter du blog Pass France vous garantie de faire du tourisme Malin en France du Nord au Sud !\" \/>\n<meta name=\"robots\" content=\"index, follow, max-snippet:-1, max-image-preview:large, max-video-preview:-1\" \/>\n<link rel=\"canonical\" href=\"https:\/\/blog.pass-france.com\/index.php\/inscription-newsletter\/\" \/>\n<meta property=\"og:locale\" content=\"fr_FR\" \/>\n<meta property=\"og:type\" content=\"article\" \/>\n<meta property=\"og:title\" content=\"Inscription newsletter - Blog Pass France\" \/>\n<meta property=\"og:description\" content=\"L&#039;inscription \u00e0 la newsletter du blog Pass France vous garantie de faire du tourisme Malin en France du Nord au Sud !\" \/>\n<meta property=\"og:url\" content=\"https:\/\/blog.pass-france.com\/index.php\/inscription-newsletter\/\" \/>\n<meta property=\"og:site_name\" content=\"Blog du Pass France Tourisme\" \/>\n<meta property=\"article:publisher\" content=\"https:\/\/www.facebook.com\/PassFrance.Multidestinations\/\" \/>\n<meta property=\"article:modified_time\" content=\"2024-05-15T13:01:25+00:00\" \/>\n<meta property=\"og:image\" content=\"http:\/\/blog.pass-france.com\/wp-content\/uploads\/2024\/03\/inscription-blog-pass-france-scaled.jpeg\" \/>\n\t<meta property=\"og:image:width\" content=\"2560\" \/>\n\t<meta property=\"og:image:height\" content=\"1828\" \/>\n\t<meta property=\"og:image:type\" content=\"image\/jpeg\" \/>\n<meta name=\"twitter:card\" content=\"summary_large_image\" \/>\n<meta name=\"twitter:label1\" content=\"Dur\u00e9e de lecture estim\u00e9e\" \/>\n\t<meta name=\"twitter:data1\" content=\"1 minute\" \/>\n<script type=\"application\/ld+json\" class=\"yoast-schema-graph\">{\"@context\":\"https:\\\/\\\/schema.org\",\"@graph\":[{\"@type\":\"WebPage\",\"@id\":\"https:\\\/\\\/blog.pass-france.com\\\/index.php\\\/inscription-newsletter\\\/\",\"url\":\"https:\\\/\\\/blog.pass-france.com\\\/index.php\\\/inscription-newsletter\\\/\",\"name\":\"Inscription newsletter - Blog Pass France\",\"isPartOf\":{\"@id\":\"https:\\\/\\\/blog.pass-france.com\\\/#website\"},\"primaryImageOfPage\":{\"@id\":\"https:\\\/\\\/blog.pass-france.com\\\/index.php\\\/inscription-newsletter\\\/#primaryimage\"},\"image\":{\"@id\":\"https:\\\/\\\/blog.pass-france.com\\\/index.php\\\/inscription-newsletter\\\/#primaryimage\"},\"thumbnailUrl\":\"https:\\\/\\\/blog.pass-france.com\\\/wp-content\\\/uploads\\\/2024\\\/03\\\/inscription-blog-pass-france-scaled-e1715784510941.jpeg\",\"datePublished\":\"2024-03-15T10:57:17+00:00\",\"dateModified\":\"2024-05-15T13:01:25+00:00\",\"description\":\"L'inscription \u00e0 la newsletter du blog Pass France vous garantie de faire du tourisme Malin en France du Nord au Sud !\",\"breadcrumb\":{\"@id\":\"https:\\\/\\\/blog.pass-france.com\\\/index.php\\\/inscription-newsletter\\\/#breadcrumb\"},\"inLanguage\":\"fr-FR\",\"potentialAction\":[{\"@type\":\"ReadAction\",\"target\":[\"https:\\\/\\\/blog.pass-france.com\\\/index.php\\\/inscription-newsletter\\\/\"]}]},{\"@type\":\"ImageObject\",\"inLanguage\":\"fr-FR\",\"@id\":\"https:\\\/\\\/blog.pass-france.com\\\/index.php\\\/inscription-newsletter\\\/#primaryimage\",\"url\":\"https:\\\/\\\/blog.pass-france.com\\\/wp-content\\\/uploads\\\/2024\\\/03\\\/inscription-blog-pass-france-scaled-e1715784510941.jpeg\",\"contentUrl\":\"https:\\\/\\\/blog.pass-france.com\\\/wp-content\\\/uploads\\\/2024\\\/03\\\/inscription-blog-pass-france-scaled-e1715784510941.jpeg\",\"width\":2001,\"height\":1826,\"caption\":\"Insciption newsletter - Blog Pass France\"},{\"@type\":\"BreadcrumbList\",\"@id\":\"https:\\\/\\\/blog.pass-france.com\\\/index.php\\\/inscription-newsletter\\\/#breadcrumb\",\"itemListElement\":[{\"@type\":\"ListItem\",\"position\":1,\"name\":\"Accueil\",\"item\":\"https:\\\/\\\/blog.pass-france.com\\\/\"},{\"@type\":\"ListItem\",\"position\":2,\"name\":\"Inscription newsletter\"}]},{\"@type\":\"WebSite\",\"@id\":\"https:\\\/\\\/blog.pass-france.com\\\/#website\",\"url\":\"https:\\\/\\\/blog.pass-france.com\\\/\",\"name\":\"Blog du Pass Tourisme en France\",\"description\":\"Id\u00e9es de visites \u00e0 faire en France\",\"publisher\":{\"@id\":\"https:\\\/\\\/blog.pass-france.com\\\/#organization\"},\"potentialAction\":[{\"@type\":\"SearchAction\",\"target\":{\"@type\":\"EntryPoint\",\"urlTemplate\":\"https:\\\/\\\/blog.pass-france.com\\\/?s={search_term_string}\"},\"query-input\":{\"@type\":\"PropertyValueSpecification\",\"valueRequired\":true,\"valueName\":\"search_term_string\"}}],\"inLanguage\":\"fr-FR\"},{\"@type\":\"Organization\",\"@id\":\"https:\\\/\\\/blog.pass-france.com\\\/#organization\",\"name\":\"Pass France\",\"url\":\"https:\\\/\\\/blog.pass-france.com\\\/\",\"logo\":{\"@type\":\"ImageObject\",\"inLanguage\":\"fr-FR\",\"@id\":\"https:\\\/\\\/blog.pass-france.com\\\/#\\\/schema\\\/logo\\\/image\\\/\",\"url\":\"https:\\\/\\\/blog.pass-france.com\\\/wp-content\\\/uploads\\\/2026\\\/02\\\/cropped-Logo-blag-pass-france.png\",\"contentUrl\":\"https:\\\/\\\/blog.pass-france.com\\\/wp-content\\\/uploads\\\/2026\\\/02\\\/cropped-Logo-blag-pass-france.png\",\"width\":2103,\"height\":719,\"caption\":\"Pass France\"},\"image\":{\"@id\":\"https:\\\/\\\/blog.pass-france.com\\\/#\\\/schema\\\/logo\\\/image\\\/\"},\"sameAs\":[\"https:\\\/\\\/www.facebook.com\\\/PassFrance.Multidestinations\\\/\",\"https:\\\/\\\/instagram.com\\\/accounts\\\/login\\\/?next=httpswww.instagram.compassfrance.multidestinations\"]}]}<\/script>\n<!-- \/ Yoast SEO plugin. -->","yoast_head_json":{"title":"Inscription newsletter - Blog Pass France","description":"L'inscription \u00e0 la newsletter du blog Pass France vous garantie de faire du tourisme Malin en France du Nord au Sud !","robots":{"index":"index","follow":"follow","max-snippet":"max-snippet:-1","max-image-preview":"max-image-preview:large","max-video-preview":"max-video-preview:-1"},"canonical":"https:\/\/blog.pass-france.com\/index.php\/inscription-newsletter\/","og_locale":"fr_FR","og_type":"article","og_title":"Inscription newsletter - Blog Pass France","og_description":"L'inscription \u00e0 la newsletter du blog Pass France vous garantie de faire du tourisme Malin en France du Nord au Sud !","og_url":"https:\/\/blog.pass-france.com\/index.php\/inscription-newsletter\/","og_site_name":"Blog du Pass France Tourisme","article_publisher":"https:\/\/www.facebook.com\/PassFrance.Multidestinations\/","article_modified_time":"2024-05-15T13:01:25+00:00","og_image":[{"width":2560,"height":1828,"url":"http:\/\/blog.pass-france.com\/wp-content\/uploads\/2024\/03\/inscription-blog-pass-france-scaled.jpeg","type":"image\/jpeg"}],"twitter_card":"summary_large_image","twitter_misc":{"Dur\u00e9e de lecture estim\u00e9e":"1 minute"},"schema":{"@context":"https:\/\/schema.org","@graph":[{"@type":"WebPage","@id":"https:\/\/blog.pass-france.com\/index.php\/inscription-newsletter\/","url":"https:\/\/blog.pass-france.com\/index.php\/inscription-newsletter\/","name":"Inscription newsletter - Blog Pass France","isPartOf":{"@id":"https:\/\/blog.pass-france.com\/#website"},"primaryImageOfPage":{"@id":"https:\/\/blog.pass-france.com\/index.php\/inscription-newsletter\/#primaryimage"},"image":{"@id":"https:\/\/blog.pass-france.com\/index.php\/inscription-newsletter\/#primaryimage"},"thumbnailUrl":"https:\/\/blog.pass-france.com\/wp-content\/uploads\/2024\/03\/inscription-blog-pass-france-scaled-e1715784510941.jpeg","datePublished":"2024-03-15T10:57:17+00:00","dateModified":"2024-05-15T13:01:25+00:00","description":"L'inscription \u00e0 la newsletter du blog Pass France vous garantie de faire du tourisme Malin en France du Nord au Sud !","breadcrumb":{"@id":"https:\/\/blog.pass-france.com\/index.php\/inscription-newsletter\/#breadcrumb"},"inLanguage":"fr-FR","potentialAction":[{"@type":"ReadAction","target":["https:\/\/blog.pass-france.com\/index.php\/inscription-newsletter\/"]}]},{"@type":"ImageObject","inLanguage":"fr-FR","@id":"https:\/\/blog.pass-france.com\/index.php\/inscription-newsletter\/#primaryimage","url":"https:\/\/blog.pass-france.com\/wp-content\/uploads\/2024\/03\/inscription-blog-pass-france-scaled-e1715784510941.jpeg","contentUrl":"https:\/\/blog.pass-france.com\/wp-content\/uploads\/2024\/03\/inscription-blog-pass-france-scaled-e1715784510941.jpeg","width":2001,"height":1826,"caption":"Insciption newsletter - Blog Pass France"},{"@type":"BreadcrumbList","@id":"https:\/\/blog.pass-france.com\/index.php\/inscription-newsletter\/#breadcrumb","itemListElement":[{"@type":"ListItem","position":1,"name":"Accueil","item":"https:\/\/blog.pass-france.com\/"},{"@type":"ListItem","position":2,"name":"Inscription newsletter"}]},{"@type":"WebSite","@id":"https:\/\/blog.pass-france.com\/#website","url":"https:\/\/blog.pass-france.com\/","name":"Blog du Pass Tourisme en France","description":"Id\u00e9es de visites \u00e0 faire en France","publisher":{"@id":"https:\/\/blog.pass-france.com\/#organization"},"potentialAction":[{"@type":"SearchAction","target":{"@type":"EntryPoint","urlTemplate":"https:\/\/blog.pass-france.com\/?s={search_term_string}"},"query-input":{"@type":"PropertyValueSpecification","valueRequired":true,"valueName":"search_term_string"}}],"inLanguage":"fr-FR"},{"@type":"Organization","@id":"https:\/\/blog.pass-france.com\/#organization","name":"Pass France","url":"https:\/\/blog.pass-france.com\/","logo":{"@type":"ImageObject","inLanguage":"fr-FR","@id":"https:\/\/blog.pass-france.com\/#\/schema\/logo\/image\/","url":"https:\/\/blog.pass-france.com\/wp-content\/uploads\/2026\/02\/cropped-Logo-blag-pass-france.png","contentUrl":"https:\/\/blog.pass-france.com\/wp-content\/uploads\/2026\/02\/cropped-Logo-blag-pass-france.png","width":2103,"height":719,"caption":"Pass France"},"image":{"@id":"https:\/\/blog.pass-france.com\/#\/schema\/logo\/image\/"},"sameAs":["https:\/\/www.facebook.com\/PassFrance.Multidestinations\/","https:\/\/instagram.com\/accounts\/login\/?next=httpswww.instagram.compassfrance.multidestinations"]}]}},"_links":{"self":[{"href":"https:\/\/blog.pass-france.com\/index.php\/wp-json\/wp\/v2\/pages\/302","targetHints":{"allow":["GET"]}}],"collection":[{"href":"https:\/\/blog.pass-france.com\/index.php\/wp-json\/wp\/v2\/pages"}],"about":[{"href":"https:\/\/blog.pass-france.com\/index.php\/wp-json\/wp\/v2\/types\/page"}],"author":[{"embeddable":true,"href":"https:\/\/blog.pass-france.com\/index.php\/wp-json\/wp\/v2\/users\/1"}],"replies":[{"embeddable":true,"href":"https:\/\/blog.pass-france.com\/index.php\/wp-json\/wp\/v2\/comments?post=302"}],"version-history":[{"count":6,"href":"https:\/\/blog.pass-france.com\/index.php\/wp-json\/wp\/v2\/pages\/302\/revisions"}],"predecessor-version":[{"id":605,"href":"https:\/\/blog.pass-france.com\/index.php\/wp-json\/wp\/v2\/pages\/302\/revisions\/605"}],"wp:featuredmedia":[{"embeddable":true,"href":"https:\/\/blog.pass-france.com\/index.php\/wp-json\/wp\/v2\/media\/394"}],"wp:attachment":[{"href":"https:\/\/blog.pass-france.com\/index.php\/wp-json\/wp\/v2\/media?parent=302"}],"curies":[{"name":"wp","href":"https:\/\/api.w.org\/{rel}","templated":true}]}}